{"id":703,"date":"2025-11-23T02:27:29","date_gmt":"2025-11-23T01:27:29","guid":{"rendered":"https:\/\/www.beatlerch.ch\/?page_id=703"},"modified":"2025-11-23T02:27:29","modified_gmt":"2025-11-23T01:27:29","slug":"hauswirtschaft","status":"publish","type":"page","link":"https:\/\/www.beatlerch.ch\/?page_id=703","title":{"rendered":"Hauswirtschaft"},"content":{"rendered":"\n<div class=\"wp-block-group has-global-padding is-layout-constrained wp-block-group-is-layout-constrained\">\n<h2 class=\"wp-block-heading has-xx-large-font-size\">Hauswirtschaftliche Leistung <\/h2>\n<\/div>\n\n\n\n<div class=\"wp-block-group has-global-padding is-layout-constrained wp-block-group-is-layout-constrained\">\n<p class=\"has-small-font-size\">Reinigungsarbeiten, Haushaltshilfe, Eink\u00e4ufe und einfache Alltagsunterst\u00fctzung.<br>Stundentarif CHF 45.\u2013, zuz\u00fcglich Wegpauschale 5.- und Materialkosten.<\/p>\n<\/div>\n\n\n\n<div class=\"wp-block-group has-global-padding is-layout-constrained wp-block-group-is-layout-constrained\">\n<p class=\"has-small-font-size\">Bei starker Verschmutzung wird ein Schmutzzuschlag von CHF 10.\u2013 pro Stunde erhoben.<\/p>\n<\/div>\n\n\n\n<div class=\"wp-block-group has-global-padding is-layout-constrained wp-block-group-is-layout-constrained\">\n<p class=\"has-small-font-size\">F\u00fcr R\u00e4umungen und Entsorgungen fallen Wegkosten, Fahrzeugmiete sowie Entsorgungsgeb\u00fchren an<\/p>\n<\/div>\n","protected":false},"excerpt":{"rendered":"<p>Hauswirtschaftliche Leistung Reinigungsarbeiten, Haushaltshilfe, Eink\u00e4ufe und einfache Alltagsunterst\u00fctzung.Stundentarif CHF 45.\u2013, zuz\u00fcglich Wegpauschale 5.- und Materialkosten. Bei starker Verschmutzung wird ein Schmutzzuschlag von CHF 10.\u2013 pro Stunde erhoben. F\u00fcr R\u00e4umungen und Entsorgungen fallen Wegkosten, Fahrzeugmiete sowie Entsorgungsgeb\u00fchren an<\/p>\n","protected":false},"author":1,"featured_media":0,"parent":0,"menu_order":0,"comment_status":"closed","ping_status":"closed","template":"","meta":{"footnotes":""},"class_list":["post-703","page","type-page","status-publish","hentry"],"_links":{"self":[{"href":"https:\/\/www.beatlerch.ch\/index.php?rest_route=\/wp\/v2\/pages\/703","targetHints":{"allow":["GET"]}}],"collection":[{"href":"https:\/\/www.beatlerch.ch\/index.php?rest_route=\/wp\/v2\/pages"}],"about":[{"href":"https:\/\/www.beatlerch.ch\/index.php?rest_route=\/wp\/v2\/types\/page"}],"author":[{"embeddable":true,"href":"https:\/\/www.beatlerch.ch\/index.php?rest_route=\/wp\/v2\/users\/1"}],"replies":[{"embeddable":true,"href":"https:\/\/www.beatlerch.ch\/index.php?rest_route=%2Fwp%2Fv2%2Fcomments&post=703"}],"version-history":[{"count":3,"href":"https:\/\/www.beatlerch.ch\/index.php?rest_route=\/wp\/v2\/pages\/703\/revisions"}],"predecessor-version":[{"id":706,"href":"https:\/\/www.beatlerch.ch\/index.php?rest_route=\/wp\/v2\/pages\/703\/revisions\/706"}],"wp:attachment":[{"href":"https:\/\/www.beatlerch.ch\/index.php?rest_route=%2Fwp%2Fv2%2Fmedia&parent=703"}],"curies":[{"name":"wp","href":"https:\/\/api.w.org\/{rel}","templated":true}]}}